?
False
Is 1406365 a prime number?
False
Is 6178 prime?
False
Is 8309 prime?
False
Is 28299 a prime number?
False
Is 85991 a prime number?
True
Is 2207657 prime?
False
Is 21377 a prime number?
True
Is 26581 prime?
False
Is 46595 prime?
False
Is 492661 a prime number?
False
Is 396667 prime?
True
Is 11351 prime?
True
Is 791699 a prime number?
True
Is 1203 a prime number?
False
Is 8143 composite?
True
Is 275617 a prime number?
False
Is 495587 a composite number?
False
Is 6995 a composite number?
True
Is 29067 a composite number?
True
Is 944651 a prime number?
True
Is 14767 a prime number?
True
Is 181517 prime?
False
Is 636527 prime?
False
Is 30211 a composite number?
False
Is 22405 a prime number?
False
Is 83891 prime?
True
Is 78241 prime?
True
Is 1237274 a prime number?
False
Is 63482 a prime number?
False
Is 3943 a composite number?
False
Is 2971223 composite?
False
Is 436913 prime?
True
Is 16078 composite?
True
Is 86953 a prime number?
False
Is 6459 prime?
False
Is 409 a prime number?
True
Is 9446 a prime number?
False
Is 149861 composite?
False
Is 21869 a composite number?
True
Is 60887 composite?
False
Is 26485 a prime number?
False
Is 93683 a prime number?
True
Is 98773 composite?
False
Is 34495 prime?
False
Is 302959 a prime number?
True
Is 857461 composite?
True
Is 4111 prime?
True
Is 8641 prime?
True
Is 590029 a composite number?
True
Is 22769 prime?
True
Is 64705 a prime number?
False
Is 763777 prime?
False
Is 5218 a prime number?
False
Is 582809 prime?
True
Is 385897 a composite number?
False
Is 87037 prime?
True
Is 30781 a prime number?
True
Is 21419 composite?
False
Is 12011 a composite number?
False
Is 274867 composite?
False
Is 52807 a composite number?
False
Is 12637 prime?
True
Is 9501 prime?
False
Is 93319 a composite number?
False
Is 1924093 prime?
True
Is 12643 a prime number?
False
Is 50387 a composite number?
False
Is 12515 prime?
False
Is 352459 composite?
False
Is 10078 a composite number?
True
Is 231799 composite?
False
Is 22531 prime?
True
Is 317 prime?
True
Is 7513 a composite number?
True
Is 32059 a prime number?
True
Is 492007 a composite number?
False
Is 1624859 a prime number?
False
Is 15119 prime?
False
Is 588899 a prime number?
False
Is 809 a composite number?
False
Is 55379 composite?
True
Is 6677 a prime number?
False
Is 16438 composite?
True
Is 2099 a prime number?
True
Is 32297 a prime number?
True
Is 89 a composite number?
False
Is 1123 prime?
True
Is 196609 composite?
True
Is 20647 a prime number?
False
Is 5873345 prime?
False
Is 50057 composite?
True
Is 23233 a prime number?
False
Is 836207 composite?
True
Is 31567 prime?
True
Is 169985 composite?
True
Is 50791 prime?
False
Is 328369 a composite number?
True
Is 1106151 prime?
False
Is 737779 prime?
False
Is 239999 prime?
True
Is 489473 a composite number?
True
Is 1191301 prime?
True
Is 28961 prime?
True
Is 252794 composite?
True
Is 6229 a composite number?
False
Is 211859 prime?
True
Is 1371355 a prime number?
False
Is 311551 composite?
False
Is 4789 a prime number?
True
Is 17467 a composite number?
False
Is 18493 a prime number?
True
Is 287437 a prime number?
True
Is 4373 a prime number?
True
Is 22299 composite?
True
Is 40453 a prime number?
False
Is 15118 composite?
True
Is 192943 a prime number?
False
Is 106273 a prime number?
True
Is 50137 composite?
True
Is 8081 composite?
False
Is 42557 a composite number?
False
Is 310153 prime?
False
Is 49391 prime?
True
Is 8887 prime?
True
Is 182953 a prime number?
True
Is 33841 composite?
True
Is 126059 a prime number?
False
Is 31907 a prime number?
True
Is 7349 prime?
True
Is 6317057 prime?
True
Is 2533 composite?
True
Is 2609 prime?
True
Is 60523 composite?
True
Is 37067 a composite number?
True
Is 5314 a composite number?
True
Is 5969 a prime number?
False
Is 723237 composite?
True
Is 4969 prime?
True
Is 1151363 a prime number?
True
Is 62534 composite?
True
Is 281831 prime?
False
Is 41879 a composite number?
False
Is 4033 prime?
False
Is 45029 a composite number?
True
Is 23159 composite?
False
Is 2446837 prime?
False
Is 71633 prime?
True
Is 106369 composite?
True
Is 2515 a composite number?
True
Is 710951 composite?
False
Is 23599 composite?
False
Is 49711 a composite number?
False
Is 706773 prime?
False
Is 102055 composite?
True
Is 439063 prime?
True
Is 257714 a prime number?
False
Is 38347 prime?
False
Is 57215 prime?
False
Is 625139 a composite number?
True
Is 128227 composite?
True
Is 2357 a prime number?
True
Is 2159 a composite number?
True
Is 325849 a composite number?
False
Is 115337 a composite number?
False
Is 15595 a composite number?
True
Is 199943 a composite number?
True
Is 56607 composite?
True
Is 36827 a composite number?
True
Is 360239 a prime number?
False
Is 82063 a composite number?
True
Is 21467 a composite number?
False
Is 853477 composite?
False
Is 145177 a composite number?
False
Is 3949 a composite number?
True
Is 5557 a prime number?
True
Is 126823 prime?
True
Is 13211 a prime number?
False
Is 807607 a prime number?
True
Is 90967 a composite number?
True
Is 227789 a composite number?
False
Is 13927 prime?
False
Is 36961 a prime number?
False
Is 22405 a composite number?
True
Is 303409 prime?
True
Is 36089 composite?
True
Is 193423 a prime number?
True
Is 3864211 a prime number?
False
Is 5877689 a prime number?
True
Is 1285 a prime number?
False
Is 61853 prime?
False
Is 14713 a composite number?
False
Is 699271 prime?
True
Is 5381 a composite number?
False
Is 847403 prime?
False
Is 3557 composite?
False
Is 11114 a prime number?
False
Is 11957 a prime number?
False
Is 38105 prime?
False
Is 36037 a prime number?
True
Is 38261 composite?
False
Is 8287 a prime number?
True
Is 38113 a composite number?
False
Is 811747 prime?
True
Is 232793 composite?
True
Is 93 composite?
True
Is 4754 composite?
True
Is 33433 prime?
False
Is 1125154 composite?
True
Is 439865 a composite number?
True
Is 23597 composite?
True
Is 73217 a prime number?
False
Is 243103 composite?
True
Is 78038 prime?
False
Is 58303 a prime number?
False
Is 38983 a prime number?
False
Is 6418 a prime number?
False
Is 234826 a prime number?
False
Is 190507 a prime number?
True
Is 2805631 a prime number?
True
Is 523599 composite?
True
Is 358693 prime?
False
Is 451 prime?
False
Is 11567 a composite number?
True
Is 94993 prime?
True
Is 102703 a prime number?
False
Is 374483 prime?
True
Is 27509 a composite number?
False
Is 12793 a composite number?
True
Is 1405583 prime?
True
Is 689267 a prime number?
True
Is 13553 prime?
True
Is 36997 composite?
False
Is 1867 a prime number?
True
Is 194 prime?
False
Is 26747 a prime number?
False
Is 11159 composite?
False
Is 23869 prime?
True
Is 1148677 composite?
False
Is 10709 composite?
False
Is 22241 a prime number?
False
Is 6521 a prime number?
True
Is 21961 a composite number?
False
Is 54545 a composite number?
True
Is 11863 composite?
False
Is 77111 a prime number?
False
Is 638403 a composite number?
True
Is 1237619 prime?
True
Is 8331 a composite number?
True
Is 511327 composite?
False
Is 1042 prime?
False
Is 8501 a composite number?
False
Is 433889 a prime number?
True
Is 2885 a composite number?
True
Is 898 prime?
False
Is 4637 composite?
False
Is 3943 a prime number?
True
Is 198367 a prime number?
False
Is 2447 prime?
True
Is 431671 composite?
False
Is 76933 a composite number?
True
Is 17623 prime?
True
Is 286573 composite?
True
Is 139927 prime?
False
Is 445 a composite number?
True
Is 62819 a composite number?
False
Is 5455 a composite number?
True
Is 84659 prime?
True
Is 43379 composite?
True
Is 11665 composite?
True
Is 3631 prime?
True
Is 25417 a composite number?
True
Is 15419 a prime number?
False
Is 907 composite?
False
Is 26186 a prime number?
False
Is 57179 a composite number?
False
Is 151465 a composite number?
True
Is 8603 composite?
True
Is 28859 a composite number?
False
Is 20647 a prime number?
False
Is 14302 composite?
True
Is 54533 composite?
True
Is 3299523 prime?
False
Is 35099 composite?
False
Is 6007 composite?
False
Is 1590169 prime?
False
Is 34879 a composite number?
True
Is 1357 prime?
False
Is 3131 composite?
True
Is 152501 composite?
False
Is 169537 a prime number?
False
Is 1563211 a prime number?
False
Is 157453 a composite number?
True
Is 500727 a prime number